9 + 505 = 0, 2*s - 1081 = 5*l. Let y = s + -238. What is the hundreds digit of y?
3
Let o(v) = -40*v**3 + 16*v**2 + 84*v + 31. What is the thousands digit of o(-5)?
5
Suppose 5*w + 2*h - 357 = 408, 3*w - h = 448. Let o = w + -166. Let j = 242 + o. What is the tens digit of j?
2
Let q(w) be the third derivative of w**6/120 + w**5/60 - w**4/6 + w**3/6 - 4*w**2 + 12. What is the tens digit of q(4)?
6
Let l(j) = 12*j + 44. Suppose 9*p - 118 - 89 = 0. What is the hundreds digit of l(p)?
3
Let z = 6 - -6. Let r(q) = q**2 - 2*q - 5. Let m be r(0). What is the tens digit of (4/z)/(m/(-780))?
5
What is the thousands digit of 19/(532/2177)*228?
7
Let y = -483 + 1201. Let f = y + -378. What is the hundreds digit of f?
3
Suppose -3*q + 2*p + 56716 = 0, -50181 = -4*q - 3*p + 25480. What is the tens digit of q?
1
Let y(v) = -10489*v + 87. What is the hundreds digit of y(-3)?
5
Let z be (-15)/(-10) + 2/4. Suppose 0 = z*h - 13 + 3. Suppose h*o + 39 = 324. What is the tens digit of o?
5
Let u = 49322 - 9380. What is the tens digit of u?
4
Let x = -379 - -366. What is the hundreds digit of 65/x*(-2 - 153)?
7
Let j(d) = 306*d**2 - 1. Let y = 68 - 67. What is the hundreds digit of j(y)?
3
Let j be (-3)/(2 + 26/(-10)). Suppose -2*r = -4*r - 5*k + 167, j*r = -2*k + 407. Suppose -3*x - 190 = -s + r, 1067 = 4*s + 5*x. What is the tens digit of s?
6
Suppose -4*b + 4741 = -5*n - 12185, -2*b + 8454 = -4*n. What is the hundreds digit of b?
2
Let t be 22 + (2 + -1 - -1). Suppose 3*q + 5*q = -t. What is the units digit of 96/28 + q/7?
3
Suppose 23*w = 12*w + 891. Let o be -3 - -1 - 0/1. What is the tens digit of w - (1 - (o - -3))?
8
Let p = 75 + -72. Suppose -x = -2*s - p*x + 232, -5*s - 3*x = -578. What is the hundreds digit of s?
1
Let z = 14250 + -7542. What is the thousands digit of z?
6
Let y(j) = 30689*j - 2106. What is the units digit of y(2)?
2
Let q(x) = 3522*x**3 + 39*x**2 + 2*x - 1. What is the tens digit of q(2)?
3
Let r be 6*1/(-14) + 112728/(-49). Let l = -1002 - r. What is the thousands digit of l?
1
Suppose 3*a + a - 16 = 0, 0 = 4*c + 5*a + 56. Let t = 16 + c. What is the units digit of t*22*2/(-2)?
6
Suppose 106344 + 11781 = 175*p. What is the units digit of p?
5
Let h = -654 - -4867. What is the hundreds digit of h?
2
Let i(b) = -23*b - 18. Suppose -q + 1 + 3 = 2*o, 0 = -q + 5*o + 11. Suppose -9*r = -q*r + 27. What is the units digit of i(r)?
9
Let p = 19567 + -1829. What is the tens digit of p?
3
Let c = 98757 + -70085. What is the units digit of c?
2
Let r(j) = -j**3 + 18*j**2 - 18*j - 40. Let g be r(17). What is the units digit of (7 + -1)/((-38)/g)?
9
Suppose 4*y - 10 = 22. Let f(j) = 4*j**3 - 9*j**2 + 13*j + 31. What is the units digit of f(y)?
7
Let m = 294 - -231. Suppose 5*r - 4*r = -5*y + m, 4*r - 4*y = 2028. What is the units digit of r?
0
What is the thousands digit of (783/(-15))/(222/(-13690))?
3
Let i(j) = -j**3 + 2*j**2 - 17*j - 14. Let w be i(0). Let b be 70 - 1*(-2 - -3). Let v = b - w. What is the units digit of v?
3
Let l = 10 + -11. Let o(j) = 167*j - 5. Let x(d) = -333*d + 9. Let z(p) = 11*o(p) + 6*x(p). What is the hundreds digit of z(l)?
1
Suppose 94*h - 96*h = 5*p - 12100, 18213 = 3*h - 3*p. What is the tens digit of h?
6
Let q(d) be the first derivative of 2*d**3/3 - 191*d + 9. What is the units digit of q(-21)?
1
Let w = 14598 + -8427. What is the units digit of w?
1
Suppose -i - 541 + 4126 = -5*h, -20 = -4*h. What is the units digit of i?
0
Let r = 889 - 598. Let h = -9 + r. Suppose h = 2*x + j, -4*x + 564 = 9*j - 6*j. What is the hundreds digit of x?
1
Let m be (-77*(-2)/(-4) - 4/(-8)) + -1. Let p(z) = -6*z**2 + 2*z + 2. Let r be p(2). Let s = r - m. What is the tens digit of s?
2
What is the thousands digit of (3220 - (-69)/(-23)) + 23?
3
Let g(x) = 2*x**3 - 18*x**2 - 140*x + 983. What is the tens digit of g(31)?
2
Let m = 14609 + -7278. What is the hundreds digit of m?
3
Suppose 526*s = 531*s + 4*g - 21777, 4*g + 4341 = s. What is the units digit of s?
3
Let x(h) = 3*h**3 - 17*h**2 + 554*h + 78. What is the units digit of x(21)?
8
Suppose -12*o - 9*o - 1861346 = -199*o. What is the tens digit of o?
5
Let z be -3 + 9 - (-1 + (-9)/(-3)). Suppose 0 = i - 4*x - 966, i - z*x = -2*i + 2890. What is the hundreds digit of i?
9
Let m be (-1398)/(-9) - (4/2)/6. Suppose -5*c + m = -40. What is the tens digit of c?
3
Let a(c) = -153*c**3 - 6*c**2 + 4*c + 39. What is the units digit of a(-4)?
9
Let q(c) = c**2 - 11*c - 12. Let n be q(12). Suppose -4*g + 193 + 1535 = n. What is the hundreds digit of g?
4
Suppose -1483 = -5*c + 142. Let z = c + -138. What is the hundreds digit of (-1 + z/(-2))*(-8)/6?
1
Suppose -4*m = 5*t - 1054 + 359, 5*t = 3*m - 530. What is the units digit of m/56 + -3 - (-3719)/8?
5
Suppose -3*n + 1858 - 214 = 0. What is the hundreds digit of n - (-7 + 1 - -1)?
5
Let h(j) be the first derivative of 8*j**3/3 + 6*j**2 - 5*j + 108. What is the units digit of h(-9)?
5
Let w(s) = 32*s + 112. Let q be w(14). Let z = q - -205. What is the hundreds digit of z?
7
Suppose 3*x = 4*g + 11949, -5*x - 2*g + 19863 = -0*x. What is the thousands digit of x?
3
Suppose -6*q - 30 = -3*q. What is the hundreds digit of 76/q*(12 - 102)?
6
Suppose -5*z + 4*i + 5 - 1 = 0, 5*z - 2*i - 2 = 0. Suppose z = 15*h - 9231 - 7614. What is the units digit of h?
3
Let s(q) = -3*q**2 + 11*q - 14. Let k be s(7). Let c = 445 + k. What is the units digit of c?
1
Let z(d) be the second derivative of -d**5/120 - 3*d**4/8 + d**3/3 + 4*d. Let p(v) be the second derivative of z(v). What is the units digit of p(-13)?
4
Suppose 6*d - 3 - 9 = 0. Let f(w) = -5*w + 29 - 6 - d*w. What is the tens digit of f(-12)?
0
Suppose i - 3*m = -78, 99 = 5*i + 5*m + 469. Let g = i + 76. What is the hundreds digit of g/4*2*(-18 - -582)?
2
Let x(f) be the second derivative of 5*f**4/12 - f**2/2 + 3*f. Let p be x(1). Suppose -4*g = p*h - 156, 4*g + 2*h = -0*h + 160. What is the tens digit of g?
4
What is the units digit of (0 + 16740/16)*(43 - 31)?
5
Let p be (6/(-4))/(33/(-3212)). Let o = -90 - -7. Let r = o + p. What is the units digit of r?
3
Suppose 21 - 5 = 2*u. Suppose 3*b + 1875 = 3*z, 7*b - u*b + 1235 = 2*z. What is the hundreds digit of z?
6
Let d = 15 - 8. Let v be 20/(-30) - d/3. What is the units digit of (-1 - v) + 120/2?
2
Suppose 0 = -c + 2*r + 16992 + 10483, r = -5*c + 137408. What is the ten thousands digit of c?
2
Let u(g) = -55*g + 8. Let n(o) = -10*o + 19*o - 14*o + 17. Let i be n(4). What is the tens digit of u(i)?
7
Let i(r) = 2*r**2 - 63*r + 2118. What is the tens digit of i(79)?
2
Let j(c) = 3*c**3 - 112*c**2 + 39*c + 19. Let w be j(37). Suppose w = -x + 944. What is the units digit of x?
1
Let n(v) = -688*v + 2842. What is the thousands digit of n(-77)?
5
Let p = 19007 - 12857. What is the units digit of p?
0
Let r = 27003 + -19105. What is the units digit of r?
8
Let o(c) = -2950*c**3 + 2*c**2 - 10*c - 13. What is the units digit of o(-1)?
9
What is the thousands digit of ((-5 - -2)/((-27)/6))/((-216)/(-13000500))?
0
Let d(r) = -r**2 - 13*r - 26. Let a be d(-3). Suppose -3*i + 2*x = -871 - 222, -a*i + x + 1454 = 0. What is the tens digit of i?
6
Suppose -487 = -6*f + 215. Suppose 2*n - f + 41 = 0. Suppose -q + 2*b = -n, -3*b + 0*b = q - 53. What is the units digit of q?
4
Suppose -71 - 49 = -6*b. Suppose b = 4*p, 0 = 3*c - 2*p + p - 3544. Suppose 0 = -5*h - 473 + c. What is the tens digit of h?
4
Suppose -22*f + 6956 = -18*f - l, -f + 1739 = l. What is the tens digit of f?
3
Let u(j) be the third derivative of -3*j**4/4 - 37*j**3/6 - 43*j**2. What is the tens digit of u(-9)?
2
Let z(v) = -v**3 - 14*v**2 - v - 15. Let b be z(-14). Let a(r) = -49*r + 2. Let h be a(b). Let s = -45 + h. What is the units digit of s?
6
Suppose -2*l - x = 156, 0 = -2*l + 3*l - 3*x + 92. Let c = -518 - -493. Let v = c - l. What is the units digit of v?
5
Let o(t) = -1286*t**2 + 5*t - 11. Let g(f) = 1287*f**2 - 5*f + 10. Let k(z) = 6*g(z) + 5*o(z). Let q be k(1). What is the units digit of ((21/6)/1)/(17/q)?
6
Let n = -42 + 40. Let u be n + 0 + 9/(-1). What is the tens digit of u/(-88) - 1246/(-16)?
7
Suppose 16*f = 15*f + 4*l + 5188, -4*f - 4*l = -20672. What is the hundreds digit of f?
1
Suppose 2*n + y - 5*y = 2466, -4*n - 2*y = -4952. Let o = n - 453. What is the units digi